{"id":8155,"date":"2020-05-27T10:22:36","date_gmt":"2020-05-27T07:22:36","guid":{"rendered":"https:\/\/www.greenforest.ro\/old\/?post_type=product&#038;p=8155"},"modified":"2022-04-14T12:14:20","modified_gmt":"2022-04-14T09:14:20","slug":"panou-individual-tapitat-fonoabsorbant-si-antibacterian-sphi-120-160-120-x-160h-cm","status":"publish","type":"product","link":"https:\/\/www.greenforest.ro\/old\/produs\/panou-individual-tapitat-fonoabsorbant-si-antibacterian-sphi-120-160-120-x-160h-cm\/","title":{"rendered":"Panou individual tapi\u0163at fonoabsorbant \u015fi antibacterian SPHI 120\/160 (120 x 160H cm)"},"content":{"rendered":"","protected":false},"excerpt":{"rendered":"<p>Panou individual tapi\u0163at fonoabsorbant \u015fi antibacterian, peretele poate fi pe postamen\u0163i fic\u015fi, la \u00een\u0103l\u0163imi de 160 \u015fi 180cm.<\/p>\n<h4>Variante<\/h4>\n<p>Panou individual tapi\u0163at fonoabsorbant \u015fi antibacterian SPHI 140\/160 (140 x 160H cm)<\/p>\n<p>Panou individual tapi\u0163at fonoabsorbant \u015fi antibacterian SPHI 160\/160 (160x160H cm)<\/p>\n<p>Panou individual tapi\u0163at fonoabsorbant \u015fi antibacterian SPHI 120\/180 (120 x 180H cm)<\/p>\n<p>Panou individual tapi\u0163at fonoabsorbant \u015fi antibacterian SPHI 140\/180 (140 x 180H cm)<\/p>\n<p>Panou individual tapi\u0163at fonoabsorbant \u015fi antibacterian SPHI 160\/180 (160 x 180H cm)<\/p>\n<p>&nbsp;<\/p>\n","protected":false},"featured_media":8156,"comment_status":"open","ping_status":"closed","template":"","meta":[],"acf":[],"yoast_head":"<!-- This site is optimized with the Yoast SEO plugin v21.6 - https:\/\/yoast.com\/wordpress\/plugins\/seo\/ -->\n<title>Panou individual tapi\u0163at fonoabsorbant \u015fi antibacterian<\/title>\n<meta name=\"description\" content=\"Panou individual tapi\u0163at fonoabsorbant \u015fi antibacterian SPHI 120\/160 (120 x 160H cm) - GreenForest - mobilier de birou, professional furniture and fit out\" \/>\n<meta name=\"robots\" content=\"index, follow, max-snippet:-1, max-image-preview:large, max-video-preview:-1\" \/>\n<link rel=\"canonical\" href=\"https:\/\/www.greenforest.ro\/old\/produs\/panou-individual-tapitat-fonoabsorbant-si-antibacterian-sphi-120-160-120-x-160h-cm\/\" \/>\n<meta name=\"twitter:card\" content=\"summary_large_image\" \/>\n<meta name=\"twitter:title\" content=\"Panou individual tapi\u0163at fonoabsorbant \u015fi antibacterian\" \/>\n<meta name=\"twitter:description\" content=\"Panou individual tapi\u0163at fonoabsorbant \u015fi antibacterian SPHI 120\/160 (120 x 160H cm) - GreenForest - mobilier de birou, professional furniture and fit out\" \/>\n<meta name=\"twitter:image\" content=\"https:\/\/www.greenforest.ro\/old\/wp-content\/uploads\/2020\/05\/10.jpg\" \/>\n<!-- \/ Yoast SEO plugin. -->","yoast_head_json":{"title":"Panou individual tapi\u0163at fonoabsorbant \u015fi antibacterian","description":"Panou individual tapi\u0163at fonoabsorbant \u015fi antibacterian SPHI 120\/160 (120 x 160H cm) - GreenForest - mobilier de birou, professional furniture and fit out","robots":{"index":"index","follow":"follow","max-snippet":"max-snippet:-1","max-image-preview":"max-image-preview:large","max-video-preview":"max-video-preview:-1"},"canonical":"https:\/\/www.greenforest.ro\/old\/produs\/panou-individual-tapitat-fonoabsorbant-si-antibacterian-sphi-120-160-120-x-160h-cm\/","twitter_card":"summary_large_image","twitter_title":"Panou individual tapi\u0163at fonoabsorbant \u015fi antibacterian","twitter_description":"Panou individual tapi\u0163at fonoabsorbant \u015fi antibacterian SPHI 120\/160 (120 x 160H cm) - GreenForest - mobilier de birou, professional furniture and fit out","twitter_image":"https:\/\/www.greenforest.ro\/old\/wp-content\/uploads\/2020\/05\/10.jpg","schema":{"@context":"https:\/\/schema.org","@graph":[{"@type":"WebPage","@id":"https:\/\/www.greenforest.ro\/old\/produs\/panou-individual-tapitat-fonoabsorbant-si-antibacterian-sphi-120-160-120-x-160h-cm\/","url":"https:\/\/www.greenforest.ro\/old\/produs\/panou-individual-tapitat-fonoabsorbant-si-antibacterian-sphi-120-160-120-x-160h-cm\/","name":"Panou individual tapi\u0163at fonoabsorbant \u015fi antibacterian","isPartOf":{"@id":"https:\/\/www.greenforest.ro\/old\/#website"},"datePublished":"2020-05-27T07:22:36+00:00","dateModified":"2022-04-14T09:14:20+00:00","description":"Panou individual tapi\u0163at fonoabsorbant \u015fi antibacterian SPHI 120\/160 (120 x 160H cm) - GreenForest - mobilier de birou, professional furniture and fit out","breadcrumb":{"@id":"https:\/\/www.greenforest.ro\/old\/produs\/panou-individual-tapitat-fonoabsorbant-si-antibacterian-sphi-120-160-120-x-160h-cm\/#breadcrumb"},"inLanguage":"ro-RO","potentialAction":[{"@type":"ReadAction","target":["https:\/\/www.greenforest.ro\/old\/produs\/panou-individual-tapitat-fonoabsorbant-si-antibacterian-sphi-120-160-120-x-160h-cm\/"]}]},{"@type":"BreadcrumbList","@id":"https:\/\/www.greenforest.ro\/old\/produs\/panou-individual-tapitat-fonoabsorbant-si-antibacterian-sphi-120-160-120-x-160h-cm\/#breadcrumb","itemListElement":[{"@type":"ListItem","position":1,"name":"Prima pagin\u0103","item":"https:\/\/www.greenforest.ro\/old\/"},{"@type":"ListItem","position":2,"name":"Magazin","item":"https:\/\/www.greenforest.ro\/old\/store\/"},{"@type":"ListItem","position":3,"name":"Solutii separatoare antiepidemice","item":"https:\/\/www.greenforest.ro\/old\/en\/categorie-produs\/solutii-separatoare\/"},{"@type":"ListItem","position":4,"name":"Panou individual tapi\u0163at fonoabsorbant \u015fi antibacterian SPHI 120\/160 (120 x 160H cm)"}]},{"@type":"WebSite","@id":"https:\/\/www.greenforest.ro\/old\/#website","url":"https:\/\/www.greenforest.ro\/old\/","name":"GreenForest - mobilier de birou","description":"Solu\u0163ii profesionale de amenajare birouri","publisher":{"@id":"https:\/\/www.greenforest.ro\/old\/#organization"},"potentialAction":[{"@type":"SearchAction","target":{"@type":"EntryPoint","urlTemplate":"https:\/\/www.greenforest.ro\/old\/?s={search_term_string}"},"query-input":"required name=search_term_string"}],"inLanguage":"ro-RO"},{"@type":"Organization","@id":"https:\/\/www.greenforest.ro\/old\/#organization","name":"Greenforest","url":"https:\/\/www.greenforest.ro\/old\/","logo":{"@type":"ImageObject","inLanguage":"ro-RO","@id":"https:\/\/www.greenforest.ro\/old\/#\/schema\/logo\/image\/","url":"https:\/\/www.greenforest.ro\/old\/wp-content\/uploads\/2018\/01\/sol-logo-greenforest.png","contentUrl":"https:\/\/www.greenforest.ro\/old\/wp-content\/uploads\/2018\/01\/sol-logo-greenforest.png","width":110,"height":110,"caption":"Greenforest"},"image":{"@id":"https:\/\/www.greenforest.ro\/old\/#\/schema\/logo\/image\/"},"sameAs":["https:\/\/www.facebook.com\/GreenForest.MobilierPentruBirou","https:\/\/www.instagram.com\/greenforest.ro\/","https:\/\/www.linkedin.com\/company\/greenforest\/"]}]}},"_links":{"self":[{"href":"https:\/\/www.greenforest.ro\/old\/wp-json\/wp\/v2\/product\/8155"}],"collection":[{"href":"https:\/\/www.greenforest.ro\/old\/wp-json\/wp\/v2\/product"}],"about":[{"href":"https:\/\/www.greenforest.ro\/old\/wp-json\/wp\/v2\/types\/product"}],"replies":[{"embeddable":true,"href":"https:\/\/www.greenforest.ro\/old\/wp-json\/wp\/v2\/comments?post=8155"}],"wp:featuredmedia":[{"embeddable":true,"href":"https:\/\/www.greenforest.ro\/old\/wp-json\/wp\/v2\/media\/8156"}],"wp:attachment":[{"href":"https:\/\/www.greenforest.ro\/old\/wp-json\/wp\/v2\/media?parent=8155"}],"curies":[{"name":"wp","href":"https:\/\/api.w.org\/{rel}","templated":true}]}}