{"id":8099,"date":"2020-05-22T13:42:38","date_gmt":"2020-05-22T10:42:38","guid":{"rendered":"https:\/\/www.greenforest.ro\/old\/?post_type=product&#038;p=8099"},"modified":"2020-05-28T10:01:04","modified_gmt":"2020-05-28T07:01:04","slug":"ansamblu-separatoare-pal-spph-280-280x160x60h-cm","status":"publish","type":"product","link":"https:\/\/www.greenforest.ro\/old\/produs\/ansamblu-separatoare-pal-spph-280-280x160x60h-cm\/","title":{"rendered":"Ansamblu separatoare PAL SPPH 280 (280x160x60H cm)"},"content":{"rendered":"","protected":false},"excerpt":{"rendered":"<p>&#8211; Pentru montare pe blat<br \/>\n&#8211; Sistemul permite montarea \/ demontarea f\u0103r\u0103 afectarea postului de lucru ini\u0163ial.<\/p>\n","protected":false},"featured_media":8100,"comment_status":"open","ping_status":"closed","template":"","meta":[],"acf":[],"yoast_head":"<!-- This site is optimized with the Yoast SEO plugin v21.6 - https:\/\/yoast.com\/wordpress\/plugins\/seo\/ -->\n<title>Ansamblu separatoare PAL SPPH 280 (280x160x60H cm)<\/title>\n<meta name=\"description\" content=\"Ansamblu separatoare PAL SPPH 280 (280x160x60H cm) - GreenForest - mobilier de birou, professional furniture and fit out for a great office experience\" \/>\n<meta name=\"robots\" content=\"index, follow, max-snippet:-1, max-image-preview:large, max-video-preview:-1\" \/>\n<link rel=\"canonical\" href=\"https:\/\/www.greenforest.ro\/old\/produs\/ansamblu-separatoare-pal-spph-280-280x160x60h-cm\/\" \/>\n<meta name=\"twitter:card\" content=\"summary_large_image\" \/>\n<meta name=\"twitter:title\" content=\"Ansamblu separatoare PAL SPPH 280 (280x160x60H cm)\" \/>\n<meta name=\"twitter:description\" content=\"Ansamblu separatoare PAL SPPH 280 (280x160x60H cm) - GreenForest - mobilier de birou, professional furniture and fit out for a great office experience\" \/>\n<meta name=\"twitter:image\" content=\"https:\/\/www.greenforest.ro\/old\/wp-content\/uploads\/2020\/05\/2-modificat.jpg\" \/>\n<!-- \/ Yoast SEO plugin. -->","yoast_head_json":{"title":"Ansamblu separatoare PAL SPPH 280 (280x160x60H cm)","description":"Ansamblu separatoare PAL SPPH 280 (280x160x60H cm) - GreenForest - mobilier de birou, professional furniture and fit out for a great office experience","robots":{"index":"index","follow":"follow","max-snippet":"max-snippet:-1","max-image-preview":"max-image-preview:large","max-video-preview":"max-video-preview:-1"},"canonical":"https:\/\/www.greenforest.ro\/old\/produs\/ansamblu-separatoare-pal-spph-280-280x160x60h-cm\/","twitter_card":"summary_large_image","twitter_title":"Ansamblu separatoare PAL SPPH 280 (280x160x60H cm)","twitter_description":"Ansamblu separatoare PAL SPPH 280 (280x160x60H cm) - GreenForest - mobilier de birou, professional furniture and fit out for a great office experience","twitter_image":"https:\/\/www.greenforest.ro\/old\/wp-content\/uploads\/2020\/05\/2-modificat.jpg","schema":{"@context":"https:\/\/schema.org","@graph":[{"@type":"WebPage","@id":"https:\/\/www.greenforest.ro\/old\/en\/produs\/ansamblu-separatoare-pal-spph-280-280x160x60h-cm\/","url":"https:\/\/www.greenforest.ro\/old\/en\/produs\/ansamblu-separatoare-pal-spph-280-280x160x60h-cm\/","name":"Ansamblu separatoare PAL SPPH 280 (280x160x60H cm)","isPartOf":{"@id":"https:\/\/www.greenforest.ro\/old\/#website"},"datePublished":"2020-05-22T10:42:38+00:00","dateModified":"2020-05-28T07:01:04+00:00","description":"Ansamblu separatoare PAL SPPH 280 (280x160x60H cm) - GreenForest - mobilier de birou, professional furniture and fit out for a great office experience","breadcrumb":{"@id":"https:\/\/www.greenforest.ro\/old\/en\/produs\/ansamblu-separatoare-pal-spph-280-280x160x60h-cm\/#breadcrumb"},"inLanguage":"ro-RO","potentialAction":[{"@type":"ReadAction","target":["https:\/\/www.greenforest.ro\/old\/en\/produs\/ansamblu-separatoare-pal-spph-280-280x160x60h-cm\/"]}]},{"@type":"BreadcrumbList","@id":"https:\/\/www.greenforest.ro\/old\/en\/produs\/ansamblu-separatoare-pal-spph-280-280x160x60h-cm\/#breadcrumb","itemListElement":[{"@type":"ListItem","position":1,"name":"Prima pagin\u0103","item":"https:\/\/www.greenforest.ro\/old\/"},{"@type":"ListItem","position":2,"name":"Magazin","item":"https:\/\/www.greenforest.ro\/old\/store\/"},{"@type":"ListItem","position":3,"name":"Solutii separatoare antiepidemice","item":"https:\/\/www.greenforest.ro\/old\/en\/categorie-produs\/solutii-separatoare\/"},{"@type":"ListItem","position":4,"name":"Ansamblu separatoare PAL SPPH 280 (280x160x60H cm)"}]},{"@type":"WebSite","@id":"https:\/\/www.greenforest.ro\/old\/#website","url":"https:\/\/www.greenforest.ro\/old\/","name":"GreenForest - mobilier de birou","description":"Solu\u0163ii profesionale de amenajare birouri","publisher":{"@id":"https:\/\/www.greenforest.ro\/old\/#organization"},"potentialAction":[{"@type":"SearchAction","target":{"@type":"EntryPoint","urlTemplate":"https:\/\/www.greenforest.ro\/old\/?s={search_term_string}"},"query-input":"required name=search_term_string"}],"inLanguage":"ro-RO"},{"@type":"Organization","@id":"https:\/\/www.greenforest.ro\/old\/#organization","name":"Greenforest","url":"https:\/\/www.greenforest.ro\/old\/","logo":{"@type":"ImageObject","inLanguage":"ro-RO","@id":"https:\/\/www.greenforest.ro\/old\/#\/schema\/logo\/image\/","url":"https:\/\/www.greenforest.ro\/old\/wp-content\/uploads\/2018\/01\/sol-logo-greenforest.png","contentUrl":"https:\/\/www.greenforest.ro\/old\/wp-content\/uploads\/2018\/01\/sol-logo-greenforest.png","width":110,"height":110,"caption":"Greenforest"},"image":{"@id":"https:\/\/www.greenforest.ro\/old\/#\/schema\/logo\/image\/"},"sameAs":["https:\/\/www.facebook.com\/GreenForest.MobilierPentruBirou","https:\/\/www.instagram.com\/greenforest.ro\/","https:\/\/www.linkedin.com\/company\/greenforest\/"]}]}},"_links":{"self":[{"href":"https:\/\/www.greenforest.ro\/old\/wp-json\/wp\/v2\/product\/8099"}],"collection":[{"href":"https:\/\/www.greenforest.ro\/old\/wp-json\/wp\/v2\/product"}],"about":[{"href":"https:\/\/www.greenforest.ro\/old\/wp-json\/wp\/v2\/types\/product"}],"replies":[{"embeddable":true,"href":"https:\/\/www.greenforest.ro\/old\/wp-json\/wp\/v2\/comments?post=8099"}],"wp:featuredmedia":[{"embeddable":true,"href":"https:\/\/www.greenforest.ro\/old\/wp-json\/wp\/v2\/media\/8100"}],"wp:attachment":[{"href":"https:\/\/www.greenforest.ro\/old\/wp-json\/wp\/v2\/media?parent=8099"}],"curies":[{"name":"wp","href":"https:\/\/api.w.org\/{rel}","templated":true}]}}