{"id":4343,"date":"2017-12-21T11:48:44","date_gmt":"2017-12-21T09:48:44","guid":{"rendered":"https:\/\/www.greenforest.ro\/old\/produs\/scaun-gliss-905-wood-60x56x76h\/"},"modified":"2022-01-03T16:29:37","modified_gmt":"2022-01-03T14:29:37","slug":"scaun-gliss-905-wood-60x56x76h","status":"publish","type":"product","link":"https:\/\/www.greenforest.ro\/old\/produs\/scaun-gliss-905-wood-60x56x76h\/","title":{"rendered":"Scaun Gliss 905 Wood (60x56x76H)"},"content":{"rendered":"","protected":false},"excerpt":{"rendered":"<p>&#8211; scaun stocabil din policarbonat;<br \/>\n&#8211; picioare lemn;<br \/>\n&#8211; culori transparente.<\/p>\n<h4>Dimensiuni<\/h4>\n<p>\u0218ezut 60cm l\u0103\u021bime x 56cm ad\u00e2ncime; \u00een\u0103l\u021bime total\u0103 76cm<\/p>\n<h4>Culori<\/h4>\n<p><img loading=\"lazy\" decoding=\"async\" class=\"size-medium wp-image-8946\" title=\"GLISS colors\" src=\"https:\/\/www.greenforest.ro\/old\/wp-content\/uploads\/2022\/01\/GLISS-colors-300x63.png\" alt=\"GLISS colors\" width=\"300\" height=\"63\" srcset=\"https:\/\/www.greenforest.ro\/old\/wp-content\/uploads\/2022\/01\/GLISS-colors-300x63.png 300w, https:\/\/www.greenforest.ro\/old\/wp-content\/uploads\/2022\/01\/GLISS-colors-768x162.png 768w, https:\/\/www.greenforest.ro\/old\/wp-content\/uploads\/2022\/01\/GLISS-colors-600x126.png 600w, https:\/\/www.greenforest.ro\/old\/wp-content\/uploads\/2022\/01\/GLISS-colors.png 778w\" sizes=\"(max-width: 300px) 100vw, 300px\" \/><\/p>\n","protected":false},"featured_media":4260,"comment_status":"closed","ping_status":"closed","template":"","meta":[],"acf":[],"yoast_head":"<!-- This site is optimized with the Yoast SEO plugin v21.6 - https:\/\/yoast.com\/wordpress\/plugins\/seo\/ -->\n<title>Scaun Gliss 905 Wood (60x56x76H) - mobilier de birou GreenForest<\/title>\n<meta name=\"description\" content=\"Scaun Gliss 905 Wood (60x56x76H) - GreenForest - mobilier de birou, professional furniture and fit out for a great office experience\" \/>\n<meta name=\"robots\" content=\"index, follow, max-snippet:-1, max-image-preview:large, max-video-preview:-1\" \/>\n<link rel=\"canonical\" href=\"https:\/\/www.greenforest.ro\/old\/produs\/scaun-gliss-905-wood-60x56x76h\/\" \/>\n<meta name=\"twitter:card\" content=\"summary_large_image\" \/>\n<meta name=\"twitter:title\" content=\"Scaun Gliss 905 Wood (60x56x76H) - mobilier de birou GreenForest\" \/>\n<meta name=\"twitter:description\" content=\"Scaun Gliss 905 Wood (60x56x76H) - GreenForest - mobilier de birou, professional furniture and fit out for a great office experience\" \/>\n<meta name=\"twitter:image\" content=\"https:\/\/www.greenforest.ro\/old\/wp-content\/uploads\/2017\/12\/GLISS_905.png\" \/>\n<!-- \/ Yoast SEO plugin. -->","yoast_head_json":{"title":"Scaun Gliss 905 Wood (60x56x76H) - mobilier de birou GreenForest","description":"Scaun Gliss 905 Wood (60x56x76H) - GreenForest - mobilier de birou, professional furniture and fit out for a great office experience","robots":{"index":"index","follow":"follow","max-snippet":"max-snippet:-1","max-image-preview":"max-image-preview:large","max-video-preview":"max-video-preview:-1"},"canonical":"https:\/\/www.greenforest.ro\/old\/produs\/scaun-gliss-905-wood-60x56x76h\/","twitter_card":"summary_large_image","twitter_title":"Scaun Gliss 905 Wood (60x56x76H) - mobilier de birou GreenForest","twitter_description":"Scaun Gliss 905 Wood (60x56x76H) - GreenForest - mobilier de birou, professional furniture and fit out for a great office experience","twitter_image":"https:\/\/www.greenforest.ro\/old\/wp-content\/uploads\/2017\/12\/GLISS_905.png","schema":{"@context":"https:\/\/schema.org","@graph":[{"@type":"WebPage","@id":"https:\/\/www.greenforest.ro\/old\/produs\/scaun-gliss-905-wood-60x56x76h\/","url":"https:\/\/www.greenforest.ro\/old\/produs\/scaun-gliss-905-wood-60x56x76h\/","name":"Scaun Gliss 905 Wood (60x56x76H) - mobilier de birou GreenForest","isPartOf":{"@id":"https:\/\/www.greenforest.ro\/old\/#website"},"datePublished":"2017-12-21T09:48:44+00:00","dateModified":"2022-01-03T14:29:37+00:00","description":"Scaun Gliss 905 Wood (60x56x76H) - GreenForest - mobilier de birou, professional furniture and fit out for a great office experience","breadcrumb":{"@id":"https:\/\/www.greenforest.ro\/old\/produs\/scaun-gliss-905-wood-60x56x76h\/#breadcrumb"},"inLanguage":"ro-RO","potentialAction":[{"@type":"ReadAction","target":["https:\/\/www.greenforest.ro\/old\/produs\/scaun-gliss-905-wood-60x56x76h\/"]}]},{"@type":"BreadcrumbList","@id":"https:\/\/www.greenforest.ro\/old\/produs\/scaun-gliss-905-wood-60x56x76h\/#breadcrumb","itemListElement":[{"@type":"ListItem","position":1,"name":"Prima pagin\u0103","item":"https:\/\/www.greenforest.ro\/old\/"},{"@type":"ListItem","position":2,"name":"Magazin","item":"https:\/\/www.greenforest.ro\/old\/store\/"},{"@type":"ListItem","position":3,"name":"Scaune Cantina-Cafeteria","item":"https:\/\/www.greenforest.ro\/old\/categorie-produs\/scaune-cantina-cafeteria\/"},{"@type":"ListItem","position":4,"name":"Scaune lemn - plastic","item":"https:\/\/www.greenforest.ro\/old\/categorie-produs\/scaune-cantina-cafeteria\/scaune-lemn-plastic\/"},{"@type":"ListItem","position":5,"name":"Scaun Gliss 905 Wood (60x56x76H)"}]},{"@type":"WebSite","@id":"https:\/\/www.greenforest.ro\/old\/#website","url":"https:\/\/www.greenforest.ro\/old\/","name":"GreenForest - mobilier de birou","description":"Solu\u0163ii profesionale de amenajare birouri","publisher":{"@id":"https:\/\/www.greenforest.ro\/old\/#organization"},"potentialAction":[{"@type":"SearchAction","target":{"@type":"EntryPoint","urlTemplate":"https:\/\/www.greenforest.ro\/old\/?s={search_term_string}"},"query-input":"required name=search_term_string"}],"inLanguage":"ro-RO"},{"@type":"Organization","@id":"https:\/\/www.greenforest.ro\/old\/#organization","name":"Greenforest","url":"https:\/\/www.greenforest.ro\/old\/","logo":{"@type":"ImageObject","inLanguage":"ro-RO","@id":"https:\/\/www.greenforest.ro\/old\/#\/schema\/logo\/image\/","url":"https:\/\/www.greenforest.ro\/old\/wp-content\/uploads\/2018\/01\/sol-logo-greenforest.png","contentUrl":"https:\/\/www.greenforest.ro\/old\/wp-content\/uploads\/2018\/01\/sol-logo-greenforest.png","width":110,"height":110,"caption":"Greenforest"},"image":{"@id":"https:\/\/www.greenforest.ro\/old\/#\/schema\/logo\/image\/"},"sameAs":["https:\/\/www.facebook.com\/GreenForest.MobilierPentruBirou","https:\/\/www.instagram.com\/greenforest.ro\/","https:\/\/www.linkedin.com\/company\/greenforest\/"]}]}},"_links":{"self":[{"href":"https:\/\/www.greenforest.ro\/old\/wp-json\/wp\/v2\/product\/4343"}],"collection":[{"href":"https:\/\/www.greenforest.ro\/old\/wp-json\/wp\/v2\/product"}],"about":[{"href":"https:\/\/www.greenforest.ro\/old\/wp-json\/wp\/v2\/types\/product"}],"replies":[{"embeddable":true,"href":"https:\/\/www.greenforest.ro\/old\/wp-json\/wp\/v2\/comments?post=4343"}],"wp:featuredmedia":[{"embeddable":true,"href":"https:\/\/www.greenforest.ro\/old\/wp-json\/wp\/v2\/media\/4260"}],"wp:attachment":[{"href":"https:\/\/www.greenforest.ro\/old\/wp-json\/wp\/v2\/media?parent=4343"}],"curies":[{"name":"wp","href":"https:\/\/api.w.org\/{rel}","templated":true}]}}