{"id":3832,"date":"2017-11-29T15:23:53","date_gmt":"2017-11-29T13:23:53","guid":{"rendered":"https:\/\/www.greenforest.ro\/old\/produs\/scaun-bonanza-70649a80q\/"},"modified":"2019-09-10T12:32:30","modified_gmt":"2019-09-10T09:32:30","slug":"scaun-bonanza-70649a80q","status":"publish","type":"product","link":"https:\/\/www.greenforest.ro\/old\/produs\/scaun-bonanza-70649a80q\/","title":{"rendered":"Scaun Bonanza 70649A80Q"},"content":{"rendered":"","protected":false},"excerpt":{"rendered":"<p>&#8211; Reglarea \u00een\u0103l\u021bimii prin piston cu gaz;<br \/>\n-\u0218ezut tapi\u021bat cu piele natural\u0103 neagr\u0103;<br \/>\n-Baza stea aluminiu slefuit cu role cu sistem de autofr\u00e2nare;<br \/>\n-Produs certificat Intertek GS \u00een Germania conform tuturor cerin\u021belor de securitate;<br \/>\n-Dimensiuni: \u00een\u0103l\u021bime \u0219ezut 50 &#8211; 69 cm; l\u0103\u021bime \u0219ezut 34 cm; ad\u00eencime \u0219ezut 43 cm; greutate 10kg;<\/p>\n<h4>Dimensiuni<\/h4>\n<p>\u0218ezut 34cm l\u0103\u021bime x 43cm ad\u00e2ncime; \u00een\u0103l\u021bime total\u0103 cm<\/p>\n<h4>Variante<\/h4>\n<p>BONANZA 70649A80T<br \/>\nScaun BONANZA cu piston \u00eenalt, inel \u0219i ventuze, \u00een\u0103l\u021bime \u0219ezut 59 &#8211; 84 cm<\/p>\n<h4>Optional<\/h4>\n<p>&#8211; Role gumate cu sistem de autofranare &#8220;6991<br \/>\n&#8211; pentru podea dur\u0103<br \/>\n&#8211; set 5 role cu diametrul de 5 cm- Ventuze 6988<br \/>\n&#8211; set 5 ventuze<\/p>\n","protected":false},"featured_media":7502,"comment_status":"closed","ping_status":"closed","template":"","meta":[],"acf":[],"yoast_head":"<!-- This site is optimized with the Yoast SEO plugin v21.6 - https:\/\/yoast.com\/wordpress\/plugins\/seo\/ -->\n<title>Scaun Bonanza 70649A80Q - mobilier de birou GreenForest<\/title>\n<meta name=\"description\" content=\"Scaun Bonanza 70649A80Q - GreenForest - mobilier de birou, professional furniture and fit out for a great office experience\" \/>\n<meta name=\"robots\" content=\"index, follow, max-snippet:-1, max-image-preview:large, max-video-preview:-1\" \/>\n<link rel=\"canonical\" href=\"https:\/\/www.greenforest.ro\/old\/produs\/scaun-bonanza-70649a80q\/\" \/>\n<meta name=\"twitter:card\" content=\"summary_large_image\" \/>\n<meta name=\"twitter:title\" content=\"Scaun Bonanza 70649A80Q - mobilier de birou GreenForest\" \/>\n<meta name=\"twitter:description\" content=\"Scaun Bonanza 70649A80Q - GreenForest - mobilier de birou, professional furniture and fit out for a great office experience\" \/>\n<meta name=\"twitter:image\" content=\"https:\/\/www.greenforest.ro\/old\/wp-content\/uploads\/2017\/11\/bonanza.jpg\" \/>\n<!-- \/ Yoast SEO plugin. -->","yoast_head_json":{"title":"Scaun Bonanza 70649A80Q - mobilier de birou GreenForest","description":"Scaun Bonanza 70649A80Q - GreenForest - mobilier de birou, professional furniture and fit out for a great office experience","robots":{"index":"index","follow":"follow","max-snippet":"max-snippet:-1","max-image-preview":"max-image-preview:large","max-video-preview":"max-video-preview:-1"},"canonical":"https:\/\/www.greenforest.ro\/old\/produs\/scaun-bonanza-70649a80q\/","twitter_card":"summary_large_image","twitter_title":"Scaun Bonanza 70649A80Q - mobilier de birou GreenForest","twitter_description":"Scaun Bonanza 70649A80Q - GreenForest - mobilier de birou, professional furniture and fit out for a great office experience","twitter_image":"https:\/\/www.greenforest.ro\/old\/wp-content\/uploads\/2017\/11\/bonanza.jpg","schema":{"@context":"https:\/\/schema.org","@graph":[{"@type":"WebPage","@id":"https:\/\/www.greenforest.ro\/old\/produs\/scaun-bonanza-70649a80q\/","url":"https:\/\/www.greenforest.ro\/old\/produs\/scaun-bonanza-70649a80q\/","name":"Scaun Bonanza 70649A80Q - mobilier de birou GreenForest","isPartOf":{"@id":"https:\/\/www.greenforest.ro\/old\/#website"},"datePublished":"2017-11-29T13:23:53+00:00","dateModified":"2019-09-10T09:32:30+00:00","description":"Scaun Bonanza 70649A80Q - GreenForest - mobilier de birou, professional furniture and fit out for a great office experience","breadcrumb":{"@id":"https:\/\/www.greenforest.ro\/old\/produs\/scaun-bonanza-70649a80q\/#breadcrumb"},"inLanguage":"ro-RO","potentialAction":[{"@type":"ReadAction","target":["https:\/\/www.greenforest.ro\/old\/produs\/scaun-bonanza-70649a80q\/"]}]},{"@type":"BreadcrumbList","@id":"https:\/\/www.greenforest.ro\/old\/produs\/scaun-bonanza-70649a80q\/#breadcrumb","itemListElement":[{"@type":"ListItem","position":1,"name":"Prima pagin\u0103","item":"https:\/\/www.greenforest.ro\/old\/"},{"@type":"ListItem","position":2,"name":"Magazin","item":"https:\/\/www.greenforest.ro\/old\/store\/"},{"@type":"ListItem","position":3,"name":"Scaune ergonomice","item":"https:\/\/www.greenforest.ro\/old\/categorie-produs\/scaune-ergonomice\/"},{"@type":"ListItem","position":4,"name":"Scaune Industriale","item":"https:\/\/www.greenforest.ro\/old\/categorie-produs\/scaune-ergonomice\/industriale\/"},{"@type":"ListItem","position":5,"name":"Scaune industriale Topstar","item":"https:\/\/www.greenforest.ro\/old\/categorie-produs\/scaune-ergonomice\/industriale\/topstar-scaune-industriale\/"},{"@type":"ListItem","position":6,"name":"Scaun Bonanza 70649A80Q"}]},{"@type":"WebSite","@id":"https:\/\/www.greenforest.ro\/old\/#website","url":"https:\/\/www.greenforest.ro\/old\/","name":"GreenForest - mobilier de birou","description":"Solu\u0163ii profesionale de amenajare birouri","publisher":{"@id":"https:\/\/www.greenforest.ro\/old\/#organization"},"potentialAction":[{"@type":"SearchAction","target":{"@type":"EntryPoint","urlTemplate":"https:\/\/www.greenforest.ro\/old\/?s={search_term_string}"},"query-input":"required name=search_term_string"}],"inLanguage":"ro-RO"},{"@type":"Organization","@id":"https:\/\/www.greenforest.ro\/old\/#organization","name":"Greenforest","url":"https:\/\/www.greenforest.ro\/old\/","logo":{"@type":"ImageObject","inLanguage":"ro-RO","@id":"https:\/\/www.greenforest.ro\/old\/#\/schema\/logo\/image\/","url":"https:\/\/www.greenforest.ro\/old\/wp-content\/uploads\/2018\/01\/sol-logo-greenforest.png","contentUrl":"https:\/\/www.greenforest.ro\/old\/wp-content\/uploads\/2018\/01\/sol-logo-greenforest.png","width":110,"height":110,"caption":"Greenforest"},"image":{"@id":"https:\/\/www.greenforest.ro\/old\/#\/schema\/logo\/image\/"},"sameAs":["https:\/\/www.facebook.com\/GreenForest.MobilierPentruBirou","https:\/\/www.instagram.com\/greenforest.ro\/","https:\/\/www.linkedin.com\/company\/greenforest\/"]}]}},"_links":{"self":[{"href":"https:\/\/www.greenforest.ro\/old\/wp-json\/wp\/v2\/product\/3832"}],"collection":[{"href":"https:\/\/www.greenforest.ro\/old\/wp-json\/wp\/v2\/product"}],"about":[{"href":"https:\/\/www.greenforest.ro\/old\/wp-json\/wp\/v2\/types\/product"}],"replies":[{"embeddable":true,"href":"https:\/\/www.greenforest.ro\/old\/wp-json\/wp\/v2\/comments?post=3832"}],"wp:featuredmedia":[{"embeddable":true,"href":"https:\/\/www.greenforest.ro\/old\/wp-json\/wp\/v2\/media\/7502"}],"wp:attachment":[{"href":"https:\/\/www.greenforest.ro\/old\/wp-json\/wp\/v2\/media?parent=3832"}],"curies":[{"name":"wp","href":"https:\/\/api.w.org\/{rel}","templated":true}]}}