{"id":3744,"date":"2017-11-28T20:00:19","date_gmt":"2017-11-28T18:00:19","guid":{"rendered":"https:\/\/www.greenforest.ro\/old\/produs\/scaun-visit-20-nv490\/"},"modified":"2020-05-20T13:58:49","modified_gmt":"2020-05-20T10:58:49","slug":"scaun-visit-20-nv490","status":"publish","type":"product","link":"https:\/\/www.greenforest.ro\/old\/produs\/scaun-visit-20-nv490\/","title":{"rendered":"Scaun Visit 20 NV490"},"content":{"rendered":"","protected":false},"excerpt":{"rendered":"<p>&#8211; Structura tip sanie cromata<br \/>\n&#8211; Sezut tapitat cu stofa si spatar mesh culoare neagra<br \/>\n&#8211; Stocabile cate 2 scaune<br \/>\n&#8211; Tapiterie stofa sezut polyolefin 100%, rezistenta la 40.000 cicluri frecare G03, G04, G05, G08, G20, G21, G22, G23, G26, G27, G28.<\/p>\n<p><img loading=\"lazy\" decoding=\"async\" class=\"alignnone wp-image-8077 size-full\" title=\"culori G T 1 1 1\" src=\"https:\/\/www.greenforest.ro\/old\/wp-content\/uploads\/2017\/11\/culori_G_T-1-1-1.png\" alt=\"culori G T 1 1 1\" width=\"699\" height=\"144\" srcset=\"https:\/\/www.greenforest.ro\/old\/wp-content\/uploads\/2017\/11\/culori_G_T-1-1-1.png 699w, https:\/\/www.greenforest.ro\/old\/wp-content\/uploads\/2017\/11\/culori_G_T-1-1-1-300x62.png 300w, https:\/\/www.greenforest.ro\/old\/wp-content\/uploads\/2017\/11\/culori_G_T-1-1-1-600x124.png 600w\" sizes=\"(max-width: 699px) 100vw, 699px\" \/><\/p>\n<h4>Dimensiuni<\/h4>\n<p>\u0218ezut 48cm l\u0103\u021bime x 45cm ad\u00e2ncime; \u00een\u0103l\u021bime total\u0103 85cm<\/p>\n<h4>Op\u021biuni<\/h4>\n<p>Stofa TREVIRA, rezistenta la 60.000 cicluri frecare T20, T21, T22, T23, T26, T27, T31, T33, T34, T35, T38.<\/p>\n<h4>Variante<\/h4>\n<p>Scaun Visit 20 NV39A: \u0219ezut \u0219i sp\u0103tar tapi\u021bat cu stof\u0103, bra\u021be scaun crom acoperite pe zona de contact;<br \/>\nScaun Visit 20 NV49A: \u0219ezut tapi\u021bat cu stof\u0103 si sp\u0103tar mesh culoare neagra, bra\u021be scaun crom acoperite pe zona de contact;<\/p>\n","protected":false},"featured_media":3644,"comment_status":"closed","ping_status":"closed","template":"","meta":[],"acf":[],"yoast_head":"<!-- This site is optimized with the Yoast SEO plugin v21.6 - https:\/\/yoast.com\/wordpress\/plugins\/seo\/ -->\n<title>Scaun Visit 20 NV490 - mobilier de birou GreenForest<\/title>\n<meta name=\"description\" content=\"Scaun Visit 20 NV490 - GreenForest - mobilier de birou, amenajari, professional furniture and fit out for a great office experience\" \/>\n<meta name=\"robots\" content=\"index, follow, max-snippet:-1, max-image-preview:large, max-video-preview:-1\" \/>\n<link rel=\"canonical\" href=\"https:\/\/www.greenforest.ro\/old\/produs\/scaun-visit-20-nv490\/\" \/>\n<meta name=\"twitter:card\" content=\"summary_large_image\" \/>\n<meta name=\"twitter:title\" content=\"Scaun Visit 20 NV490 - mobilier de birou GreenForest\" \/>\n<meta name=\"twitter:description\" content=\"Scaun Visit 20 NV490 - GreenForest - mobilier de birou, amenajari, professional furniture and fit out for a great office experience\" \/>\n<meta name=\"twitter:image\" content=\"https:\/\/www.greenforest.ro\/old\/wp-content\/uploads\/2017\/11\/visit-20-1.png\" \/>\n<!-- \/ Yoast SEO plugin. -->","yoast_head_json":{"title":"Scaun Visit 20 NV490 - mobilier de birou GreenForest","description":"Scaun Visit 20 NV490 - GreenForest - mobilier de birou, amenajari, professional furniture and fit out for a great office experience","robots":{"index":"index","follow":"follow","max-snippet":"max-snippet:-1","max-image-preview":"max-image-preview:large","max-video-preview":"max-video-preview:-1"},"canonical":"https:\/\/www.greenforest.ro\/old\/produs\/scaun-visit-20-nv490\/","twitter_card":"summary_large_image","twitter_title":"Scaun Visit 20 NV490 - mobilier de birou GreenForest","twitter_description":"Scaun Visit 20 NV490 - GreenForest - mobilier de birou, amenajari, professional furniture and fit out for a great office experience","twitter_image":"https:\/\/www.greenforest.ro\/old\/wp-content\/uploads\/2017\/11\/visit-20-1.png","schema":{"@context":"https:\/\/schema.org","@graph":[{"@type":"WebPage","@id":"https:\/\/www.greenforest.ro\/old\/en\/produs\/scaun-visit-20-nv490\/","url":"https:\/\/www.greenforest.ro\/old\/en\/produs\/scaun-visit-20-nv490\/","name":"Scaun Visit 20 NV490 - mobilier de birou GreenForest","isPartOf":{"@id":"https:\/\/www.greenforest.ro\/old\/#website"},"datePublished":"2017-11-28T18:00:19+00:00","dateModified":"2020-05-20T10:58:49+00:00","description":"Scaun Visit 20 NV490 - GreenForest - mobilier de birou, amenajari, professional furniture and fit out for a great office experience","breadcrumb":{"@id":"https:\/\/www.greenforest.ro\/old\/en\/produs\/scaun-visit-20-nv490\/#breadcrumb"},"inLanguage":"ro-RO","potentialAction":[{"@type":"ReadAction","target":["https:\/\/www.greenforest.ro\/old\/en\/produs\/scaun-visit-20-nv490\/"]}]},{"@type":"BreadcrumbList","@id":"https:\/\/www.greenforest.ro\/old\/en\/produs\/scaun-visit-20-nv490\/#breadcrumb","itemListElement":[{"@type":"ListItem","position":1,"name":"Prima pagin\u0103","item":"https:\/\/www.greenforest.ro\/old\/"},{"@type":"ListItem","position":2,"name":"Magazin","item":"https:\/\/www.greenforest.ro\/old\/store\/"},{"@type":"ListItem","position":3,"name":"Scaune Meeting","item":"https:\/\/www.greenforest.ro\/old\/categorie-produs\/scaune-meeting\/"},{"@type":"ListItem","position":4,"name":"Cu cadru sanie","item":"https:\/\/www.greenforest.ro\/old\/categorie-produs\/scaune-meeting\/cu-cadru-sanie\/"},{"@type":"ListItem","position":5,"name":"Scaune meeting TopStar","item":"https:\/\/www.greenforest.ro\/old\/categorie-produs\/scaune-meeting\/cu-cadru-sanie\/topstar-cu-cadru-sanie\/"},{"@type":"ListItem","position":6,"name":"Scaun Visit 20 NV490"}]},{"@type":"WebSite","@id":"https:\/\/www.greenforest.ro\/old\/#website","url":"https:\/\/www.greenforest.ro\/old\/","name":"GreenForest - mobilier de birou","description":"Solu\u0163ii profesionale de amenajare birouri","publisher":{"@id":"https:\/\/www.greenforest.ro\/old\/#organization"},"potentialAction":[{"@type":"SearchAction","target":{"@type":"EntryPoint","urlTemplate":"https:\/\/www.greenforest.ro\/old\/?s={search_term_string}"},"query-input":"required name=search_term_string"}],"inLanguage":"ro-RO"},{"@type":"Organization","@id":"https:\/\/www.greenforest.ro\/old\/#organization","name":"Greenforest","url":"https:\/\/www.greenforest.ro\/old\/","logo":{"@type":"ImageObject","inLanguage":"ro-RO","@id":"https:\/\/www.greenforest.ro\/old\/#\/schema\/logo\/image\/","url":"https:\/\/www.greenforest.ro\/old\/wp-content\/uploads\/2018\/01\/sol-logo-greenforest.png","contentUrl":"https:\/\/www.greenforest.ro\/old\/wp-content\/uploads\/2018\/01\/sol-logo-greenforest.png","width":110,"height":110,"caption":"Greenforest"},"image":{"@id":"https:\/\/www.greenforest.ro\/old\/#\/schema\/logo\/image\/"},"sameAs":["https:\/\/www.facebook.com\/GreenForest.MobilierPentruBirou","https:\/\/www.instagram.com\/greenforest.ro\/","https:\/\/www.linkedin.com\/company\/greenforest\/"]}]}},"_links":{"self":[{"href":"https:\/\/www.greenforest.ro\/old\/wp-json\/wp\/v2\/product\/3744"}],"collection":[{"href":"https:\/\/www.greenforest.ro\/old\/wp-json\/wp\/v2\/product"}],"about":[{"href":"https:\/\/www.greenforest.ro\/old\/wp-json\/wp\/v2\/types\/product"}],"replies":[{"embeddable":true,"href":"https:\/\/www.greenforest.ro\/old\/wp-json\/wp\/v2\/comments?post=3744"}],"wp:featuredmedia":[{"embeddable":true,"href":"https:\/\/www.greenforest.ro\/old\/wp-json\/wp\/v2\/media\/3644"}],"wp:attachment":[{"href":"https:\/\/www.greenforest.ro\/old\/wp-json\/wp\/v2\/media?parent=3744"}],"curies":[{"name":"wp","href":"https:\/\/api.w.org\/{rel}","templated":true}]}}