{"id":143,"date":"2016-07-15T08:32:51","date_gmt":"2016-07-15T08:32:51","guid":{"rendered":"http:\/\/sw-themes.com\/porto_dummy\/?page_id=143"},"modified":"2022-10-20T19:18:07","modified_gmt":"2022-10-20T16:18:07","slug":"home","status":"publish","type":"page","link":"https:\/\/www.greenforest.ro\/old\/","title":{"rendered":"GreenForest &#8211; Mobilier birou"},"content":{"rendered":"<p>[vc_row full_height=&#8221;yes&#8221;][vc_column][vc_images_carousel images=&#8221;10230,10116,10117&#8243; img_size=&#8221;full&#8221; onclick=&#8221;custom_link&#8221; speed=&#8221;6000&#8243; autoplay=&#8221;yes&#8221; wrap=&#8221;yes&#8221; custom_links=&#8221;#E-8_aHR0cHMlM0ElMkYlMkZ3d3cuZ3JlZW5mb3Jlc3Qucm8lMkZsYW5zYXJlLXByb2llY3QtbzIxLWxhLW9yZ2F0ZWMta29sbiUyRiUyQ2h0dHBzJTNBJTJGJTJGd3d3LmNvbG9ybWFzcy5jb20lMkZkZW1vcy1jb25maWd1cmF0b3IlMkZncmVlbmZvcmVzdCUyQ2h0dHBzJTNBJTJGJTJGd3d3LmNvbG9ybWFzcy5jb20lMkZkZW1vcy1jb25maWd1cmF0b3IlMkZncmVlbmZvcmVzdA==&#8221;][\/vc_column][\/vc_row][vc_row wrap_container=&#8221;yes&#8221;][vc_column width=&#8221;1\/3&#8243; css=&#8221;.vc_custom_1516368136545{margin-top: 60px !important;}&#8221;][vc_wp_posts number=&#8221;4&#8243;][\/vc_column][vc_column width=&#8221;1\/3&#8243; css=&#8221;.vc_custom_1516368742689{margin-top: 55px !important;}&#8221;][vc_single_image image=&#8221;4914&#8243; img_size=&#8221;300&#8243; alignment=&#8221;right&#8221; el_class=&#8221;m-t-n-xs m-b-none&#8221;][\/vc_column][vc_column width=&#8221;1\/3&#8243; css=&#8221;.vc_custom_1516368129074{margin-top: 60px !important;}&#8221;][vc_column_text]<\/p>\n<h1><a href=\"https:\/\/www.greenforest.ro\/old\/mobilier-birou\/\">mobilier de birou<\/a><\/h1>\n<p>\u00cencep\u00e2nd din 1992, prin investi\u0163ii \u00een cele mai moderne tehnologii \u015fi miz\u00e2nd pe competen\u0163a angaja\u0163ilor, GreenForest a devenit cel mai important produc\u0103tor rom\u00e2n de mobilier de birou \u0219i unul din principalii furnizori de amenaj\u0103ri interioare.\u00a0<a href=\"https:\/\/www.greenforest.ro\/old\/despre-noi\/\">Detalii\u00a0aici\u00bb<\/a>[\/vc_column_text][\/vc_column][\/vc_row]<\/p>\n","protected":false},"excerpt":{"rendered":"<p>[vc_row full_height=&#8221;yes&#8221;][vc_column][vc_images_carousel images=&#8221;10230,10116,10117&#8243; img_size=&#8221;full&#8221; onclick=&#8221;custom_link&#8221; speed=&#8221;6000&#8243; autoplay=&#8221;yes&#8221; wrap=&#8221;yes&#8221; custom_links=&#8221;#E-8_aHR0cHMlM0ElMkYlMkZ3d3cuZ3JlZW5mb3Jlc3Qucm8lMkZsYW5zYXJlLXByb2llY3QtbzIxLWxhLW9yZ2F0ZWMta29sbiUyRiUyQ2h0dHBzJTNBJTJGJTJGd3d3LmNvbG9ybWFzcy5jb20lMkZkZW1vcy1jb25maWd1cmF0b3IlMkZncmVlbmZvcmVzdCUyQ2h0dHBzJTNBJTJGJTJGd3d3LmNvbG9ybWFzcy5jb20lMkZkZW1vcy1jb25maWd1cmF0b3IlMkZncmVlbmZvcmVzdA==&#8221;][\/vc_column][\/vc_row][vc_row wrap_container=&#8221;yes&#8221;][vc_column width=&#8221;1\/3&#8243; css=&#8221;.vc_custom_1516368136545{margin-top: 60px !important;}&#8221;][vc_wp_posts number=&#8221;4&#8243;][\/vc_column][vc_column width=&#8221;1\/3&#8243; css=&#8221;.vc_custom_1516368742689{margin-top: 55px !important;}&#8221;][vc_single_image image=&#8221;4914&#8243; img_size=&#8221;300&#8243; alignment=&#8221;right&#8221; el_class=&#8221;m-t-n-xs m-b-none&#8221;][\/vc_column][vc_column width=&#8221;1\/3&#8243; css=&#8221;.vc_custom_1516368129074{margin-top: 60px !important;}&#8221;][vc_column_text] mobilier de birou \u00cencep\u00e2nd din 1992, prin investi\u0163ii \u00een cele mai moderne tehnologii \u015fi miz\u00e2nd pe competen\u0163a angaja\u0163ilor, GreenForest a devenit cel mai important produc\u0103tor rom\u00e2n de [&hellip;]<\/p>\n","protected":false},"author":1,"featured_media":0,"parent":0,"menu_order":0,"comment_status":"closed","ping_status":"closed","template":"","meta":{"footnotes":""},"acf":[],"yoast_head":"<!-- This site is optimized with the Yoast SEO plugin v21.6 - https:\/\/yoast.com\/wordpress\/plugins\/seo\/ -->\n<title>Mobilier birou, scaune ergonomice, amenajari - GreenForest<\/title>\n<meta name=\"description\" content=\"GreenForest - mobilier de birou, scaune ergonomice, compartimentari, professional furniture and fit out for a great office experience\" \/>\n<meta name=\"robots\" content=\"index, follow, max-snippet:-1, max-image-preview:large, max-video-preview:-1\" \/>\n<link rel=\"canonical\" href=\"https:\/\/www.greenforest.ro\/old\/\" \/>\n<meta name=\"twitter:card\" content=\"summary_large_image\" \/>\n<meta name=\"twitter:title\" content=\"Mobilier birou, scaune ergonomice, amenajari - GreenForest\" \/>\n<meta name=\"twitter:description\" content=\"GreenForest - mobilier de birou, scaune ergonomice, compartimentari, professional furniture and fit out for a great office experience\" \/>\n<meta name=\"twitter:label1\" content=\"Timp estimat pentru citire\" \/>\n\t<meta name=\"twitter:data1\" content=\"1 minut\" \/>\n<!-- \/ Yoast SEO plugin. -->","yoast_head_json":{"title":"Mobilier birou, scaune ergonomice, amenajari - GreenForest","description":"GreenForest - mobilier de birou, scaune ergonomice, compartimentari, professional furniture and fit out for a great office experience","robots":{"index":"index","follow":"follow","max-snippet":"max-snippet:-1","max-image-preview":"max-image-preview:large","max-video-preview":"max-video-preview:-1"},"canonical":"https:\/\/www.greenforest.ro\/old\/","twitter_card":"summary_large_image","twitter_title":"Mobilier birou, scaune ergonomice, amenajari - GreenForest","twitter_description":"GreenForest - mobilier de birou, scaune ergonomice, compartimentari, professional furniture and fit out for a great office experience","twitter_misc":{"Timp estimat pentru citire":"1 minut"},"schema":{"@context":"https:\/\/schema.org","@graph":[{"@type":"WebPage","@id":"https:\/\/www.greenforest.ro\/old\/","url":"https:\/\/www.greenforest.ro\/old\/","name":"Mobilier birou, scaune ergonomice, amenajari - GreenForest","isPartOf":{"@id":"https:\/\/www.greenforest.ro\/old\/#website"},"datePublished":"2016-07-15T08:32:51+00:00","dateModified":"2022-10-20T16:18:07+00:00","description":"GreenForest - mobilier de birou, scaune ergonomice, compartimentari, professional furniture and fit out for a great office experience","breadcrumb":{"@id":"https:\/\/www.greenforest.ro\/old\/#breadcrumb"},"inLanguage":"ro-RO","potentialAction":[{"@type":"ReadAction","target":["https:\/\/www.greenforest.ro\/old\/"]}]},{"@type":"BreadcrumbList","@id":"https:\/\/www.greenforest.ro\/old\/#breadcrumb","itemListElement":[{"@type":"ListItem","position":1,"name":"Prima pagin\u0103","item":"https:\/\/www.greenforest.ro\/old\/"},{"@type":"ListItem","position":2,"name":"GreenForest &#8211; Mobilier birou"}]},{"@type":"WebSite","@id":"https:\/\/www.greenforest.ro\/old\/#website","url":"https:\/\/www.greenforest.ro\/old\/","name":"GreenForest - mobilier de birou","description":"Solu\u0163ii profesionale de amenajare birouri","publisher":{"@id":"https:\/\/www.greenforest.ro\/old\/#organization"},"potentialAction":[{"@type":"SearchAction","target":{"@type":"EntryPoint","urlTemplate":"https:\/\/www.greenforest.ro\/old\/?s={search_term_string}"},"query-input":"required name=search_term_string"}],"inLanguage":"ro-RO"},{"@type":"Organization","@id":"https:\/\/www.greenforest.ro\/old\/#organization","name":"Greenforest","url":"https:\/\/www.greenforest.ro\/old\/","logo":{"@type":"ImageObject","inLanguage":"ro-RO","@id":"https:\/\/www.greenforest.ro\/old\/#\/schema\/logo\/image\/","url":"https:\/\/www.greenforest.ro\/old\/wp-content\/uploads\/2018\/01\/sol-logo-greenforest.png","contentUrl":"https:\/\/www.greenforest.ro\/old\/wp-content\/uploads\/2018\/01\/sol-logo-greenforest.png","width":110,"height":110,"caption":"Greenforest"},"image":{"@id":"https:\/\/www.greenforest.ro\/old\/#\/schema\/logo\/image\/"},"sameAs":["https:\/\/www.facebook.com\/GreenForest.MobilierPentruBirou","https:\/\/www.instagram.com\/greenforest.ro\/","https:\/\/www.linkedin.com\/company\/greenforest\/"]}]}},"_links":{"self":[{"href":"https:\/\/www.greenforest.ro\/old\/wp-json\/wp\/v2\/pages\/143"}],"collection":[{"href":"https:\/\/www.greenforest.ro\/old\/wp-json\/wp\/v2\/pages"}],"about":[{"href":"https:\/\/www.greenforest.ro\/old\/wp-json\/wp\/v2\/types\/page"}],"author":[{"embeddable":true,"href":"https:\/\/www.greenforest.ro\/old\/wp-json\/wp\/v2\/users\/1"}],"replies":[{"embeddable":true,"href":"https:\/\/www.greenforest.ro\/old\/wp-json\/wp\/v2\/comments?post=143"}],"version-history":[{"count":13,"href":"https:\/\/www.greenforest.ro\/old\/wp-json\/wp\/v2\/pages\/143\/revisions"}],"predecessor-version":[{"id":10326,"href":"https:\/\/www.greenforest.ro\/old\/wp-json\/wp\/v2\/pages\/143\/revisions\/10326"}],"wp:attachment":[{"href":"https:\/\/www.greenforest.ro\/old\/wp-json\/wp\/v2\/media?parent=143"}],"curies":[{"name":"wp","href":"https:\/\/api.w.org\/{rel}","templated":true}]}}